{"id":323,"date":"2023-07-19T04:36:35","date_gmt":"2023-07-19T04:36:35","guid":{"rendered":"https:\/\/dr-kapfer.fixfox.me\/index.php\/buero\/ausstattung-2\/"},"modified":"2023-07-26T07:48:14","modified_gmt":"2023-07-26T07:48:14","slug":"veroeffentlichungen","status":"publish","type":"page","link":"https:\/\/dr-kapfer.fixfox.me\/index.php\/buero\/veroeffentlichungen\/","title":{"rendered":"Ver\u00f6ffentlichungen"},"content":{"rendered":"\t\t<div data-elementor-type=\"wp-page\" data-elementor-id=\"323\" class=\"elementor elementor-323\" data-elementor-post-type=\"page\">\n\t\t\t\t\t\t\t\t\t<section class=\"elementor-section elementor-top-section elementor-element elementor-element-1329d757 elementor-section-boxed elementor-section-height-default elementor-section-height-default\" data-id=\"1329d757\" data-element_type=\"section\">\n\t\t\t\t\t\t<div class=\"elementor-container elementor-column-gap-default\">\n\t\t\t\t\t<div class=\"elementor-column elementor-col-100 elementor-top-column elementor-element elementor-element-5a79a2ae\" data-id=\"5a79a2ae\" data-element_type=\"column\">\n\t\t\t<div class=\"elementor-widget-wrap elementor-element-populated\">\n\t\t\t\t\t\t\t\t<div class=\"elementor-element elementor-element-71e32654 elementor-widget elementor-widget-text-editor\" data-id=\"71e32654\" data-element_type=\"widget\" data-widget_type=\"text-editor.default\">\n\t\t\t\t<div class=\"elementor-widget-container\">\n\t\t\t<style>\/*! elementor - v3.16.0 - 09-10-2023 *\/\n.elementor-widget-text-editor.elementor-drop-cap-view-stacked .elementor-drop-cap{background-color:#69727d;color:#fff}.elementor-widget-text-editor.elementor-drop-cap-view-framed .elementor-drop-cap{color:#69727d;border:3px solid;background-color:transparent}.elementor-widget-text-editor:not(.elementor-drop-cap-view-default) .elementor-drop-cap{margin-top:8px}.elementor-widget-text-editor:not(.elementor-drop-cap-view-default) .elementor-drop-cap-letter{width:1em;height:1em}.elementor-widget-text-editor .elementor-drop-cap{float:left;text-align:center;line-height:1;font-size:50px}.elementor-widget-text-editor .elementor-drop-cap-letter{display:inline-block}<\/style>\t\t\t\t\n<h2>Ver\u00f6ffentlichungen<\/h2>\n<h3>2017<\/h3>\n<p>Denken Sie gro\u00df und langfristig &#8211; Das Naturschutzgro\u00dfprojekt Pfrunger-Burgweiler Ried (2002-2015).<\/p>\n<h6>Kapfer, A.; Schw\u00e4bische Heimat 2017(1): 21-31.<\/h6>\n<h3>2016<\/h3>\n<p>Die Weiherwiesen &#8211; Landschaftsgeschichte eines Schutzgebietes des Schw\u00e4bischen Heimatbundes auf der Ostalb.<\/p>\n<h6>Kapfer, A., Bohn, H.; Schw\u00e4bische Heimat 2016(2): 179-188.<\/h6>\n<h3>2016<\/h3>\n<p>Naturschutzgro\u00dfprojekt Pfrunger-Burgweiler Ried.<\/p>\n<h6>Behr, S., Bosch, R., Kapfer, A., Rei\u00dfm\u00fcller, B., Schall, B., Wenzler, A.-K.; Staatliche Naturschutzverwaltung Baden-W\u00fcrttemberg (Hrsg.) NaturschutzInfo 2016\/1: 56-64.<\/h6>\n<h3>2016<\/h3>\n<p>Zur Sache: Naturschutzgro\u00dfprojekt Pfrunger-Burgweiler Ried erfolgreich abgeschlossen.<\/p>\n<h6>Kapfer, A.; Schw\u00e4bische Heimat 2016(1): 3.<\/h6>\n<h3>2015<\/h3>\n<p>Der Pflege- und Entwicklungsplan &#8211; der Masterplan f\u00fcr das Projekt.<\/p>\n<h6>Kapfer, A.; In: Stiftung Naturschutz Pfrunger-Burgweiler Ried (Hrsg.): Das Naturschutzgro\u00dfprojekt Pfrunger-Burgweiler Ried (2002-2015). 2015: 20-26.<\/h6>\n<h3>2015<\/h3>\n<p>Planung und Durchf\u00fchrung der Renaturierungen. Die Wiedervern\u00e4ssungen &#8211; zentraler Baustein der Renaturierung.<\/p>\n<h6>Kapfer, A.; In: Stiftung Naturschutz Pfrunger-Burgweiler Ried (Hrsg.): Das Naturschutzgro\u00dfprojekt Pfrunger-Burgweiler Ried (2002-2015). 2015: 34-48.<\/h6>\n<h3>2015<\/h3>\n<p><strong>Erste Erfolge und Ausblick &#8211; Stabiliserung flurnaher Wasserst\u00e4nde.<\/strong><br \/>Kapfer, A.; In: Stiftung Naturschutz Pfrunger-Burgweiler Ried (Hrsg.): Das Naturschutzgro\u00dfprojekt Pfrunger-Burgweiler Ried (2002-2015). 2015: 51-54.<\/p>\n<h3>2015<\/h3>\n<p><strong>Erste Erfolge und Ausblick &#8211;\u00a0Starke Verringerung der Freisetzung klimasch\u00e4digender Gase.<\/strong><br \/>Kapfer, A.; In: Stiftung Naturschutz Pfrunger-Burgweiler Ried (Hrsg.): Das Naturschutzgro\u00dfprojekt Pfrunger-Burgweiler Ried (2002-2015). 2015: 55-56.<\/p>\n<h3>2012<\/h3>\n<p><strong>Beitrag von Moorschutz- und -revitalisierungsma\u00dfnahmen zum Klimaschutz am Beispiel von Naturschutzgro\u00dfprojekten<\/strong><br \/>Dr\u00f6sler, M., Schaller, L., Kantelhardt, J., Schweiger, M., Fuchs, D., Tiemeyer, B., Augustin, J., Wehrhan, M., F\u00f6rster, C., Bergmann, L., Kapfer, A., Kr\u00fcger, G.-M.; Natur und Landschaft 87(2): 70-76.<\/p>\n<h3>2011<\/h3>\n<p><strong>Gro\u00dffl\u00e4chigeWiedervern\u00e4ssung des ehemaligen Durchstr\u00f6mungsmoores &#8222;Obere Schn\u00f6den&#8220; im Pfrunger-Burgweiler Ried (Baden-W\u00fcrttemberg)<\/strong><br \/>Kapfer, A., Schuler, B., Schall, B., Rei\u00dfm\u00fcller, B. Wilhelm, P; TELMA 41: 223-242.<\/p>\n<h3><span class=\"text_blau\">2010<\/span><\/h3>\n<p><strong>Mittelalterlich-fr\u00fchneuzeitliche Beweidung der Wiesen Mitteleuropas. Die Fr\u00fchjahrsvorweide und Hinweise zur Pflege artenreichen Gr\u00fcnlands.<br \/><\/strong>Kapfer, A., Naturschutz und Landschaftsplanung 42(6): 180-187. (<a href=\"https:\/\/dr-kapfer.de\/index.php\/artikel_wiesenvorweide_nul6_2010.html\">mehr&#8230;<\/a>)<\/p>\n<p><strong>Die Wiedervern\u00e4ssung des Regenmoores &#8222;Tisch&#8220;. Auftakt zur moorhydrologischen Sanierung des Pfrunger-Burgweiler Rieds, des zweitgr\u00f6ssten Moores S\u00fcdwestdeutschlands.<\/strong><br \/>Kapfer, A., Schuler, B., Siuda, C., in: BVDL (Hrsg.) Fachliche Vielfalt &#8211; \u00f6kologische Kompetenz. 20 Jahre Berufsverband der Landschafts\u00f6kologen Baden-W\u00fcrttemberg. (zum\u00a0<a href=\"https:\/\/dr-kapfer.de\/index.php\/download.html\">download<\/a>)<\/p>\n<p><strong>Beitrag zur Geschichte des Gr\u00fcnlands Mitteleuropas. Darstellung im Kontext der landwirtschaftlichen Bodennutzungssysteme im Hinblick auf den Arten- und Biotopschutz.<\/strong><br \/>Kapfer, A., Naturschutz und Landschaftsplanung 42(5): 133-140. (<a href=\"https:\/\/dr-kapfer.de\/index.php\/artikel_gruenlandgeschichte_nul5_2010.html\">mehr&#8230;<\/a>)<\/p>\n<h3>2008<\/h3>\n<p><strong>Die Wiedervern\u00e4ssung des Hochmoores Tisch im Pfrunger-Burgweiler Ried.<\/strong><br \/>Kapfer, A., Romer, S., Schw\u00e4bische Heimat 59\/2, 2008: 136-141.<\/p>\n<h3>2005<\/h3>\n<p><strong>Der Pflege- und Entwicklungsplan ist fertig &#8211; ein Meilenstein im Naturschutzgrossprojekt Pfrunger-Burgweiler Ried.<\/strong><br \/>Kapfer, A., Schw\u00e4bische Heimat 56\/2, 2005: 408 &#8211; 417.<\/p>\n<h3>2002<\/h3>\n<p><strong>Seen, Teiche, T\u00fcmpel und andere Stillgew\u00e4sser.<\/strong><br \/>Kapfer, A., Konold, W. &amp; Hutter, C.-P. (Hrsg.), 2002: \u00dcberarbeit. Neuausgabe, Hirzel M\u00fcnchen, 153 S.<\/p>\n<h3>2001<\/h3>\n<p><strong>Mensch und Gew\u00e4sser &#8211; eine Projektstudie.<\/strong><br \/>Kapfer, A., Dorka, O. , Konold, W., Schott, E. (2001): WBW Fortbildungsgesellschaft (Hrsg.) Gew\u00e4ssernachbarschaften in Baden-W\u00fcrttemberg &#8211; Statusbericht 2000\/2001: 24-27.<\/p>\n<p><strong>Naturnahe Uferbereiche und Flachwasserzonen des Bodensees.<\/strong><br \/>Kramer, I., Kapfer, A. (2001), Landesanstalt f\u00fcr Umweltschutz Baden-W\u00fcrttemberg (Hrsg.) Biotope in Baden-W\u00fcrttemberg 13: 1-47.<\/p>\n<h3>2000<\/h3>\n<p><strong>Die Geschichte des Pfarrdorfes Demmingen und seiner Filialen Wagenhofen und Duttenstein &#8211; Chronik eines Dorfes im ehemaligen K\u00f6niglich-W\u00fcrttembergischen Oberamt Neresheim aus der Mitte des 19. Jahrhunderts; von Johann Evangelist Sch\u00f6ttle.<\/strong><br \/>Kapfer, A. (Hrsg., 2000), Selbstverlag Gemeinde Dischingen\/ Landkreis Heidenheim a. d. Brenz, 227 S. mit Anhang.<\/p>\n<h3>1998<\/h3>\n<p><strong>Die Renaturierung der Hegauer Aach kommt voran!<\/strong><br \/>Kapfer, A. (1998), In: Stadt Singen (Hohentwiel), Hrsg. Singener Jahrbuch 1997\/98. Markorplan, Singen (Hohentwiel) &amp; Bonn, 88-92.<\/p>\n<h3>1997<\/h3>\n<p><strong>Ein Entscheidungsrahmen zur Absch\u00e4tzung des Erfolgs der Regeneration von artenreichem Feuchtgr\u00fcnland.<\/strong><br \/>Kapfer, A. (1997): Ver\u00f6ff. PA\u00d6 22, 195-202.<\/p>\n<p><strong>S\u00fcmpfe und Moore: Biotope erkennen, bestimmen, sch\u00fctzen.<\/strong><br \/>Kapfer, A., Poschlod, P. &amp; Hutter, C.-P. (Hrsg., 1997), Stuttgart, Wien (Weitbrecht), 164 S.<\/p>\n<h3>1996<\/h3>\n<p><strong>Regeneration artenreichen Feuchtgr\u00fcnlandes im baden-w\u00fcrttembergischen Alpenvorland &#8211; eine Bilanz nach 12 Versuchsjahren.<\/strong><br \/>Kapfer, A. (1996): Ver\u00f6ff. PA\u00d6 16, 247-254.<\/p>\n<p><strong>Erhaltung von Feuchtgr\u00fcnland und Mooren.<\/strong><br \/>Kapfer, A. (1996): In: G. Gunkel (Hrsg.), Renaturierung kleiner Fliessgew\u00e4sser. Fischer (Jena).<\/p>\n<h3>1995<\/h3>\n<p><strong>Wieder beweiden? M\u00f6glichkeiten und Grenzen der Beweidung als Massnahme des Naturschutzes und der Landschaftspflege.<\/strong><br \/>Kapfer, A. (1995): Beitr\u00e4ge Akademie f\u00fcr Natur- und Umweltschutz Baden-W\u00fcrttemberg 18, 6-7.<\/p>\n<p><strong>Der Einfluss der Beweidung auf die Vegetation aus der Sicht des Naturschutzes.<\/strong><br \/>Kapfer, A. (1995): Beitr\u00e4ge Akademie f\u00fcr Natur- und Umweltschutz Baden-W\u00fcrttemberg 18, 27-36.<\/p>\n<p><strong>Streuwiesen und Nasswiesen.<\/strong><br \/>Kapfer, A. (1995): Landesanstalt f\u00fcr Umweltschutz Baden-W\u00fcrttemberg (Hrsg.), Biotope in Baden-W\u00fcrttemberg 5: 1 &#8211; 49.<\/p>\n<p><strong>Auswirkungen der Extensivierung von Feuchtgr\u00fcnland im Hinblick auf die landwirtschaftliche Bewirtschaftbarkeit.<\/strong><br \/>Kapfer, A. (1995): In: Landesanstalt f\u00fcr Umweltschutz Baden-W\u00fcrttemberg (Hrsg.) 1. Statuskolloquium des Projektes &#8222;Angewandte \u00d6kologie&#8220;. Ver\u00f6ff. PA\u00d6 7, 331-345.<\/p>\n<h3>1994<\/h3>\n<p><strong>Fischadler in Mitteleuropa &#8211; Bericht \u00fcber eine internationale Fachtagung.<\/strong><br \/>Schmidt, D., Kapfer, A. (1994): Berichte zum Vogelschutz 32, 103-106.<\/p>\n<p><strong>Wieder Auerochsen im Aachried &#8211; Landschaftspflege und Delikatessen.<\/strong><br \/>Kapfer, A., Luick, R. (1994): In: Stadt Singen (Hohentwiel; Hrsg.) Singener Jahrbuch 1993\/94, 101-104.<\/p>\n<p><strong>Sekund\u00e4rbiotope &#8211; eine Position des NABU.<\/strong><br \/>Kapfer, A., Luick, R. (1994): Vogel und Umwelt 8, 89-98.<\/p>\n<p><strong>Lebendige Fl\u00fcsse und B\u00e4che brauchen Lebensraum. Denkanst\u00f6sse zur Renaturierung von Fliessgew\u00e4ssern.<\/strong><br \/>Kapfer, A., Leiders, R. (1994): Reihe Naturschutz (Hrsg.: Naturschutzbund Deutschland, Landesverband Baden-W\u00fcrttemberg), 44 S.<\/p>\n<p><strong>Streuwiesen &#8211; Relikte vergangener Landbewirtschaftung mit hohem \u00f6kologischem Wert<\/strong>. Kapfer, A., Konold, W. (1994): In: Naturlandschaft &#8211; Kulturlandschaft. Der B\u00fcrger im Staat (Hrsg.: Landeszentrale f\u00fcr politische Bildung Baden-W\u00fcrttemberg) 44 (1), 50 &#8211; 54.<\/p>\n<p><strong>Zur Nitratbelastung von Grundwasser und Oberfl\u00e4chengew\u00e4ssern durch den Umbruch von Dauergr\u00fcnland.<\/strong><br \/>Kapfer, A. (1994): In: Schutz und Sanierung von Grundwasservorkommen; Umweltpolitik (Hrsg.: NABU Lv Baden-W\u00fcrttemberg, Interessengemeinschaft Kommunale Trinkwasserversorgung) 40 &#8211; 62.<\/p>\n<p><strong>Biotopschutz am Beispiel der Wiesen und Weiden.<\/strong><br \/>Kapfer, A. (1994): Beitr\u00e4ge der Akademie f\u00fcr Umwelt- und Naturschutz Baden-W\u00fcrttemberg 14, 15 &#8211; 36.<\/p>\n<p><strong>M\u00e4hger\u00e4te auf dem \u00d6ko-Pr\u00fcfstand.<\/strong><br \/>Classen, A., Kapfer, A., Trabold, T. (1994): Reihe Naturschutz (NABU, Lv Baden-W\u00fcrttemberg), 28 S.<\/p>\n<h3>1993<\/h3>\n<p><strong>Strategien zur Renaturierung von Mais\u00e4ckern auf grundwasserbeeinflussten B\u00f6den.<\/strong><br \/>Luick, R., Kapfer, A. (1993): In: F\u00f6rderprojekte der Stiftung Naturschutzfonds (Hrsg.: Landesanstalt f\u00fcr Umweltschutz Baden-W\u00fcrttemberg). Karlsruhe, S. 11 &#8211; 21.<\/p>\n<p><strong>Pflege- und Ausbaumassnahmen an Gr\u00e4ben der Singener Aachniederung &#8211; ihre Auswirkungen auf Vegetation und Diasporenbank.<\/strong><br \/>Krause, U., Poschlod, P., Kapfer, A. (1993): In: Bernhardt, K.-G., Hurka, H., Poschlod, P. (Hrsg.) Biologie semiaquatischer Lebensr\u00e4ume &#8211; Aspekte der Populationsbiologie. Natur und Wissenschaft (Solingen), 19 &#8211; 41.<\/p>\n<p><strong>Untersuchungen zur landschafts\u00f6kologischen Dynamik, Regeneration und Erhaltung oligotropher Feuchtbiotope.<\/strong><br \/>Kapfer, A. (1993): In: Landesanstalt f\u00fcr Umweltschutz Baden-W\u00fcrttemberg (Hrsg.) 1. Statuskolloquium des Projektes &#8222;Angewandte \u00d6kologie&#8220;. Ver\u00f6ff. PA\u00d6 7, 331-345.<\/p>\n<p><strong>Erfolgskontrolle bei Renaturierungsmassnahmen im Feuchtgr\u00fcnland.<\/strong><br \/>Kapfer, A. (1993): Schr.-R. f. Landschaftspflege und Naturschutz, H. 40, 125-142 (Hrsg.: Bundesamt f\u00fcr Naturschutz Bonn).<\/p>\n<p><strong>Kiesgruben und Steinbr\u00fcche. Paradiese, Oasen, W\u00fcsten?<\/strong><br \/>Kapfer, A., Classen, A. (1993): Reihe Naturschutz (NABU, Lv Baden-W\u00fcrttemberg), 24 S.<\/p>\n<p><strong>Seen, Teiche, T\u00fcmpel und andere Stillgew\u00e4sser.<\/strong><br \/>Kapfer, A., Konold, W., Hutter, C.-P. (Hrsg., 1993): Biotope erkennen, bestimmen, sch\u00fctzen. Stuttgart, Wien (Weitbrecht), 153 S.<\/p>\n<p><strong>Einfluss der Mahd mit Kreisel- und Balkenm\u00e4her auf die Fauna von Feuchtgr\u00fcnland.<\/strong><br \/>Classen, A., Kapfer, A., Luick, R. (1993): Naturschutz und Landschaftsplanung 25 (6), 217 &#8211; 220.<\/p>\n<h3>1992<\/h3>\n<p><strong>Konzeptionen &#8211; Bedingungen &#8211; Strategien zugunsten einer Integration von Landwirtschaft und Naturschutz auf regionaler Ebene. Ziele des Naturschutzes im regionalen Verbund.\u00a0<\/strong>Kapfer, A. (1992): In: Lebensr\u00e4ume &#8211; Vielfalt der Natur durch Agrikultur. Naturschutzbund Deutschland, Beih. Naturschutzforum, 129-132.<\/p>\n<p><strong>Ein aussergew\u00f6hnlicher Fluss. Das Entwicklungskonzept f\u00fcr die Radolfzeller Aach.<\/strong><br \/>Kapfer, A. (1992): Stadt Singen (Hohentwiel; Hrsg.) Singener Jahrbuch 1991\/92, 55-58.<\/p>\n<p><strong>Gew\u00e4sserg\u00fcte und N\u00e4hrstoffbelastung eines kleinen voralpinen Stillgew\u00e4ssers und seiner Zufl\u00fcsse in einem gr\u00fcnlandwirtschaftlich genutzten Einzugsgebiet.<\/strong><br \/>Hoffmann, R., Kapfer, A., Luick, R. (1992): Naturschutzforum 5\/6, 45-70.<\/p>\n<h3>1991<\/h3>\n<p><strong>Das Rebhuhn &#8211; Vogel des Jahres 1991. Lebensr\u00e4ume erhalten und verbessern.<\/strong><br \/>Ganzert, C., Jauch, E., Kapfer, A., Pegel, M. (1991): DBV, LJV, WFS (Hrsg.), 17 S.<\/p>\n<h3>1990<\/h3>\n<p><strong>Grossr\u00e4umige avifaunistische Bestandserhebungen als Beitrag zur Entwicklungskonzeption einer Fluss- und Tallandschaft.<\/strong><br \/>Kapfer, A., Esche, T. (1990): Naturschutzforum 3\/4, 109 &#8211; 121.<\/p>\n<h3>1988<\/h3>\n<p><strong>Renaturierung ged\u00fcngter Feuchtwiesen &#8211; eine erste Anleitung f\u00fcr die Praxis.<\/strong><br \/>Kapfer, A. (1988): Naturschutzforum 1\/2, 159-171.<\/p>\n<p><strong>Versuche zur Renaturierung ged\u00fcngten Feuchtgr\u00fcnlandes &#8211; Aushagerung und Vegetationsentwicklung -.<\/strong><br \/>Kapfer, A. (1988): Diss. Bot. 120, 144 S.<\/p>\n<h3>1987<\/h3>\n<p><strong>Renaturierung von Futterwiesen auf Niedermoortorf durch Aushagerung.<\/strong><br \/>Pfadenhauer, J., Kapfer, A., Maas, D. (1987): Natur und Landschaft 62 (10), 430-434.<\/p>\n<p><strong>Untersuchungen zur Renaturierung ehemaliger Streuweisen im s\u00fcdwestdeutschen Alpenvorland &#8211; erste Tendenzen nach 4 Versuchsjahren.<\/strong><br \/>Kapfer, A. (1987): In: Schubert, R. &amp; W. Hilbig (Hrsg.) Erfassung und Bewertung anthropogener Vegetationsver\u00e4nderungen. Teil 2. Wissenschaftliche Beitr\u00e4ge Martin-Luther-Universit\u00e4t Halle-Wittenberg 25 (P28), 179-215.<\/p>\n<h3>1986<\/h3>\n<p><strong>Vegetationskundliche Untersuchungen zur Pflege von Pfeifengras-Streuwiesen.<\/strong><br \/>Kapfer, A., Pfadenhauer, J. (1986): Natur und Landschaft 61 (11), 428-432.<\/p>\n<p><strong>Das Dattenhauser Ried &#8211; Entstehung, Geschichte und Vegetation des gr\u00f6ssten Niedermoores der Schw\u00e4bischen Alb.<\/strong><br \/>Kapfer, A. (1986): Ber. Naturw. Ver. Schwaben 90,2, 34-55.<\/p>\n\t\t\t\t\t\t<\/div>\n\t\t\t\t<\/div>\n\t\t\t\t\t<\/div>\n\t\t<\/div>\n\t\t\t\t\t\t\t<\/div>\n\t\t<\/section>\n\t\t\t\t\t\t\t<\/div>\n\t\t","protected":false},"excerpt":{"rendered":"<p>Ver\u00f6ffentlichungen 2017 Denken Sie gro\u00df und langfristig &#8211; Das Naturschutzgro\u00dfprojekt Pfrunger-Burgweiler Ried (2002-2015). Kapfer, A.; Schw\u00e4bische Heimat 2017(1): 21-31. 2016 Die Weiherwiesen &#8211; Landschaftsgeschichte eines Schutzgebietes des Schw\u00e4bischen Heimatbundes auf der Ostalb. Kapfer, A., Bohn, H.; Schw\u00e4bische Heimat 2016(2): 179-188. 2016 Naturschutzgro\u00dfprojekt Pfrunger-Burgweiler Ried. Behr, S., Bosch, R., Kapfer, A., Rei\u00dfm\u00fcller, B., Schall, B., Wenzler,&hellip; <a class=\"more-link\" href=\"https:\/\/dr-kapfer.fixfox.me\/index.php\/buero\/veroeffentlichungen\/\"><span class=\"screen-reader-text\">Ver\u00f6ffentlichungen<\/span> weiterlesen<\/a><\/p>\n","protected":false},"author":1,"featured_media":0,"parent":102,"menu_order":4,"comment_status":"closed","ping_status":"closed","template":"elementor_header_footer","meta":{"footnotes":""},"class_list":["post-323","page","type-page","status-publish","hentry","entry"],"yoast_head":"<!-- This site is optimized with the Yoast SEO plugin v21.4 - https:\/\/yoast.com\/wordpress\/plugins\/seo\/ -->\n<title>Ver\u00f6ffentlichungen - Ingenieurb\u00fcro Dr. Kapfer<\/title>\n<meta name=\"robots\" content=\"index, follow, max-snippet:-1, max-image-preview:large, max-video-preview:-1\" \/>\n<link rel=\"canonical\" href=\"https:\/\/dr-kapfer.fixfox.me\/index.php\/buero\/veroeffentlichungen\/\" \/>\n<meta property=\"og:locale\" content=\"de_DE\" \/>\n<meta property=\"og:type\" content=\"article\" \/>\n<meta property=\"og:title\" content=\"Ver\u00f6ffentlichungen - Ingenieurb\u00fcro Dr. Kapfer\" \/>\n<meta property=\"og:description\" content=\"Ver\u00f6ffentlichungen 2017 Denken Sie gro\u00df und langfristig &#8211; Das Naturschutzgro\u00dfprojekt Pfrunger-Burgweiler Ried (2002-2015). Kapfer, A.; Schw\u00e4bische Heimat 2017(1): 21-31. 2016 Die Weiherwiesen &#8211; Landschaftsgeschichte eines Schutzgebietes des Schw\u00e4bischen Heimatbundes auf der Ostalb. Kapfer, A., Bohn, H.; Schw\u00e4bische Heimat 2016(2): 179-188. 2016 Naturschutzgro\u00dfprojekt Pfrunger-Burgweiler Ried. Behr, S., Bosch, R., Kapfer, A., Rei\u00dfm\u00fcller, B., Schall, B., Wenzler,&hellip; Ver\u00f6ffentlichungen weiterlesen\" \/>\n<meta property=\"og:url\" content=\"https:\/\/dr-kapfer.fixfox.me\/index.php\/buero\/veroeffentlichungen\/\" \/>\n<meta property=\"og:site_name\" content=\"Ingenieurb\u00fcro Dr. Kapfer\" \/>\n<meta property=\"article:modified_time\" content=\"2023-07-26T07:48:14+00:00\" \/>\n<meta name=\"twitter:card\" content=\"summary_large_image\" \/>\n<meta name=\"twitter:label1\" content=\"Gesch\u00e4tzte Lesezeit\" \/>\n\t<meta name=\"twitter:data1\" content=\"8\u00a0Minuten\" \/>\n<script type=\"application\/ld+json\" class=\"yoast-schema-graph\">{\"@context\":\"https:\/\/schema.org\",\"@graph\":[{\"@type\":\"WebPage\",\"@id\":\"https:\/\/dr-kapfer.fixfox.me\/index.php\/buero\/veroeffentlichungen\/\",\"url\":\"https:\/\/dr-kapfer.fixfox.me\/index.php\/buero\/veroeffentlichungen\/\",\"name\":\"Ver\u00f6ffentlichungen - Ingenieurb\u00fcro Dr. Kapfer\",\"isPartOf\":{\"@id\":\"https:\/\/dr-kapfer.fixfox.me\/#website\"},\"datePublished\":\"2023-07-19T04:36:35+00:00\",\"dateModified\":\"2023-07-26T07:48:14+00:00\",\"breadcrumb\":{\"@id\":\"https:\/\/dr-kapfer.fixfox.me\/index.php\/buero\/veroeffentlichungen\/#breadcrumb\"},\"inLanguage\":\"de\",\"potentialAction\":[{\"@type\":\"ReadAction\",\"target\":[\"https:\/\/dr-kapfer.fixfox.me\/index.php\/buero\/veroeffentlichungen\/\"]}]},{\"@type\":\"BreadcrumbList\",\"@id\":\"https:\/\/dr-kapfer.fixfox.me\/index.php\/buero\/veroeffentlichungen\/#breadcrumb\",\"itemListElement\":[{\"@type\":\"ListItem\",\"position\":1,\"name\":\"Startseite\",\"item\":\"https:\/\/dr-kapfer.fixfox.me\/\"},{\"@type\":\"ListItem\",\"position\":2,\"name\":\"B\u00fcro\",\"item\":\"https:\/\/dr-kapfer.fixfox.me\/index.php\/buero\/\"},{\"@type\":\"ListItem\",\"position\":3,\"name\":\"Ver\u00f6ffentlichungen\"}]},{\"@type\":\"WebSite\",\"@id\":\"https:\/\/dr-kapfer.fixfox.me\/#website\",\"url\":\"https:\/\/dr-kapfer.fixfox.me\/\",\"name\":\"Ingenieurb\u00fcro Dr. Kapfer\",\"description\":\"Landschaftsplanung und Landentwicklung\",\"publisher\":{\"@id\":\"https:\/\/dr-kapfer.fixfox.me\/#organization\"},\"potentialAction\":[{\"@type\":\"SearchAction\",\"target\":{\"@type\":\"EntryPoint\",\"urlTemplate\":\"https:\/\/dr-kapfer.fixfox.me\/?s={search_term_string}\"},\"query-input\":\"required name=search_term_string\"}],\"inLanguage\":\"de\"},{\"@type\":\"Organization\",\"@id\":\"https:\/\/dr-kapfer.fixfox.me\/#organization\",\"name\":\"Ingenieurb\u00fcro Dr. Kapfer\",\"url\":\"https:\/\/dr-kapfer.fixfox.me\/\",\"logo\":{\"@type\":\"ImageObject\",\"inLanguage\":\"de\",\"@id\":\"https:\/\/dr-kapfer.fixfox.me\/#\/schema\/logo\/image\/\",\"url\":\"https:\/\/dr-kapfer.fixfox.me\/wp-content\/uploads\/2023\/07\/logo-ingenieurbuero-dr-kapfer.png\",\"contentUrl\":\"https:\/\/dr-kapfer.fixfox.me\/wp-content\/uploads\/2023\/07\/logo-ingenieurbuero-dr-kapfer.png\",\"width\":659,\"height\":642,\"caption\":\"Ingenieurb\u00fcro Dr. Kapfer\"},\"image\":{\"@id\":\"https:\/\/dr-kapfer.fixfox.me\/#\/schema\/logo\/image\/\"}}]}<\/script>\n<!-- \/ Yoast SEO plugin. -->","yoast_head_json":{"title":"Ver\u00f6ffentlichungen - Ingenieurb\u00fcro Dr. Kapfer","robots":{"index":"index","follow":"follow","max-snippet":"max-snippet:-1","max-image-preview":"max-image-preview:large","max-video-preview":"max-video-preview:-1"},"canonical":"https:\/\/dr-kapfer.fixfox.me\/index.php\/buero\/veroeffentlichungen\/","og_locale":"de_DE","og_type":"article","og_title":"Ver\u00f6ffentlichungen - Ingenieurb\u00fcro Dr. Kapfer","og_description":"Ver\u00f6ffentlichungen 2017 Denken Sie gro\u00df und langfristig &#8211; Das Naturschutzgro\u00dfprojekt Pfrunger-Burgweiler Ried (2002-2015). Kapfer, A.; Schw\u00e4bische Heimat 2017(1): 21-31. 2016 Die Weiherwiesen &#8211; Landschaftsgeschichte eines Schutzgebietes des Schw\u00e4bischen Heimatbundes auf der Ostalb. Kapfer, A., Bohn, H.; Schw\u00e4bische Heimat 2016(2): 179-188. 2016 Naturschutzgro\u00dfprojekt Pfrunger-Burgweiler Ried. Behr, S., Bosch, R., Kapfer, A., Rei\u00dfm\u00fcller, B., Schall, B., Wenzler,&hellip; Ver\u00f6ffentlichungen weiterlesen","og_url":"https:\/\/dr-kapfer.fixfox.me\/index.php\/buero\/veroeffentlichungen\/","og_site_name":"Ingenieurb\u00fcro Dr. Kapfer","article_modified_time":"2023-07-26T07:48:14+00:00","twitter_card":"summary_large_image","twitter_misc":{"Gesch\u00e4tzte Lesezeit":"8\u00a0Minuten"},"schema":{"@context":"https:\/\/schema.org","@graph":[{"@type":"WebPage","@id":"https:\/\/dr-kapfer.fixfox.me\/index.php\/buero\/veroeffentlichungen\/","url":"https:\/\/dr-kapfer.fixfox.me\/index.php\/buero\/veroeffentlichungen\/","name":"Ver\u00f6ffentlichungen - Ingenieurb\u00fcro Dr. Kapfer","isPartOf":{"@id":"https:\/\/dr-kapfer.fixfox.me\/#website"},"datePublished":"2023-07-19T04:36:35+00:00","dateModified":"2023-07-26T07:48:14+00:00","breadcrumb":{"@id":"https:\/\/dr-kapfer.fixfox.me\/index.php\/buero\/veroeffentlichungen\/#breadcrumb"},"inLanguage":"de","potentialAction":[{"@type":"ReadAction","target":["https:\/\/dr-kapfer.fixfox.me\/index.php\/buero\/veroeffentlichungen\/"]}]},{"@type":"BreadcrumbList","@id":"https:\/\/dr-kapfer.fixfox.me\/index.php\/buero\/veroeffentlichungen\/#breadcrumb","itemListElement":[{"@type":"ListItem","position":1,"name":"Startseite","item":"https:\/\/dr-kapfer.fixfox.me\/"},{"@type":"ListItem","position":2,"name":"B\u00fcro","item":"https:\/\/dr-kapfer.fixfox.me\/index.php\/buero\/"},{"@type":"ListItem","position":3,"name":"Ver\u00f6ffentlichungen"}]},{"@type":"WebSite","@id":"https:\/\/dr-kapfer.fixfox.me\/#website","url":"https:\/\/dr-kapfer.fixfox.me\/","name":"Ingenieurb\u00fcro Dr. Kapfer","description":"Landschaftsplanung und Landentwicklung","publisher":{"@id":"https:\/\/dr-kapfer.fixfox.me\/#organization"},"potentialAction":[{"@type":"SearchAction","target":{"@type":"EntryPoint","urlTemplate":"https:\/\/dr-kapfer.fixfox.me\/?s={search_term_string}"},"query-input":"required name=search_term_string"}],"inLanguage":"de"},{"@type":"Organization","@id":"https:\/\/dr-kapfer.fixfox.me\/#organization","name":"Ingenieurb\u00fcro Dr. Kapfer","url":"https:\/\/dr-kapfer.fixfox.me\/","logo":{"@type":"ImageObject","inLanguage":"de","@id":"https:\/\/dr-kapfer.fixfox.me\/#\/schema\/logo\/image\/","url":"https:\/\/dr-kapfer.fixfox.me\/wp-content\/uploads\/2023\/07\/logo-ingenieurbuero-dr-kapfer.png","contentUrl":"https:\/\/dr-kapfer.fixfox.me\/wp-content\/uploads\/2023\/07\/logo-ingenieurbuero-dr-kapfer.png","width":659,"height":642,"caption":"Ingenieurb\u00fcro Dr. Kapfer"},"image":{"@id":"https:\/\/dr-kapfer.fixfox.me\/#\/schema\/logo\/image\/"}}]}},"_links":{"self":[{"href":"https:\/\/dr-kapfer.fixfox.me\/index.php\/wp-json\/wp\/v2\/pages\/323","targetHints":{"allow":["GET"]}}],"collection":[{"href":"https:\/\/dr-kapfer.fixfox.me\/index.php\/wp-json\/wp\/v2\/pages"}],"about":[{"href":"https:\/\/dr-kapfer.fixfox.me\/index.php\/wp-json\/wp\/v2\/types\/page"}],"author":[{"embeddable":true,"href":"https:\/\/dr-kapfer.fixfox.me\/index.php\/wp-json\/wp\/v2\/users\/1"}],"replies":[{"embeddable":true,"href":"https:\/\/dr-kapfer.fixfox.me\/index.php\/wp-json\/wp\/v2\/comments?post=323"}],"version-history":[{"count":52,"href":"https:\/\/dr-kapfer.fixfox.me\/index.php\/wp-json\/wp\/v2\/pages\/323\/revisions"}],"predecessor-version":[{"id":1290,"href":"https:\/\/dr-kapfer.fixfox.me\/index.php\/wp-json\/wp\/v2\/pages\/323\/revisions\/1290"}],"up":[{"embeddable":true,"href":"https:\/\/dr-kapfer.fixfox.me\/index.php\/wp-json\/wp\/v2\/pages\/102"}],"wp:attachment":[{"href":"https:\/\/dr-kapfer.fixfox.me\/index.php\/wp-json\/wp\/v2\/media?parent=323"}],"curies":[{"name":"wp","href":"https:\/\/api.w.org\/{rel}","templated":true}]}}